ive of -s**4/12 - s**3 + s**2/2 - s + 75. Calculate l(-5).
6
Let m(k) = k**3 + 4*k**2. Suppose 0 = 2*v + 4 + 8. Let i(b) = -b**2 - 7*b - 2. Let p be i(v). Let a be 4/(-8) - 14/p. Calculate m(a).
0
Let q(o) be the first derivative of o**2/2 - 45. Let r(i) = -i**3 - 6*i**2 + 8*i + 7. Let h be r(-7). Give q(h).
0
Let c(w) be the third derivative of -w**5/60 - 3*w**4/8 - 17*w**3/6 - 24*w**2. Let a be c(-6). Let u(y) = -6*y. Give u(a).
-6
Let r(c) = c**3 - 5*c**2 + 9*c + 7. Let x(b) = 3*b**3 - 15*b**2 + 26*b + 20. Let t(z) = 17*r(z) - 6*x(z). Determine t(4).
3
Let d(t) = t**3 - 3*t**2 - 4*t + 4. Suppose 0*h - 12 = 4*h. Let w = h - -7. What is d(w)?
4
Let d(j) = 8*j - 3. Let h be 0 + ((-72)/63 - (-1)/7). Let u be (-5)/h + -2 - (7 - 6). Give d(u).
13
Let m(h) = -107 + 5*h + h - 6*h + 105 - 2*h - h**2. Let u be -5*((-8)/(-10) + 0). Calculate m(u).
-10
Let y(p) = -p**3 + 2*p**2 + 9*p - 11. Let q be y(2). Let d(o) = -o**3 + 8*o**2 - 9*o + 11. Determine d(q).
-3
Let x(g) = -3*g + 3. Let l(i) = i**3 + 4*i**2 + 4*i + 7. Let b be l(-3). Let j(a) = 3*a - 3. Let p(k) = b*j(k) + 5*x(k). Suppose t - 24 = 7*t. Calculate p(t).
15
Let d = 13 - 3. Suppose 0*a + a = d. Let q be 20/(-25)*a/(-4). Let w(v) = -v**2 + 4*v + 1. What is w(q)?
5
Let d(b) be the third derivative of b**5/60 - 5*b**4/24 + 5*b**3/6 - 190*b**2. Suppose 2 = 4*r - 18. Give d(r).
5
Suppose -s = -4*c - 0*s + 55, 5*s - 5 = 0. Suppose 0 = -o + c - 15. Let g(k) = 4*k**2 - 2 + 2. Calculate g(o).
4
Let l(i) be the first derivative of -7*i**2 + 4*i + 48. Calculate l(2).
-24
Let p(o) be the third derivative of o**5/60 - 25*o**4/24 + 31*o**3/6 + 265*o**2. What is p(24)?
7
Let p(j) = -15*j**2 - j - 1. Let l(i) = i**2 - i. Let q(n) = l(n) + p(n). Determine q(-1).
-13
Let s(i) = -3*i - 6*i + 3*i + 4*i. Suppose -2*b - 2*b = -5*r + 36, -5*b = -5*r + 40. Calculate s(b).
8
Let h(y) = y**3 - 25*y**2 - 2*y + 51. Let q be ((-152)/(-16) - -3)/((-1)/(-2)). What is h(q)?
1
Let z(l) = l**2 - 13*l - 28. Let c be z(15). Let q(y) = -y**3 + 3*y**2 + y - 3. What is q(c)?
3
Let g be (-208)/(-44) + 12/44. Let j(t) = -3*t + 15. What is j(g)?
0
Let t(l) = l**2 + 3*l + 2. Let u(v) = -v**3 + v - 3. Let c be u(0). Let n be -3*1*9/(-27). Let b be (c + -1)*n*1. Determine t(b).
6
Let v = -44 - -23. Let l be 14/v*((-21)/(-6) + -2). Let z(h) = -5*h**2. Calculate z(l).
-5
Suppose h - d = 7, 0 = -4*h - 2*d + 4*d + 30. Let y(q) = 3 + 0 - 6 + h*q + 4. Determine y(-1).
-7
Let m = 3157 - 3160. Let x(k) = 0 - 2*k**2 + 4 - k - 2 - k**3. Determine x(m).
14
Let q(h) = h + 4. Suppose 2 = 2*o - 4*o - 4*z, 5*o - 4*z = 51. Let m be q(o). Let x(v) = 7 - v**3 + 1 + 4*v**2 - v - m. Calculate x(4).
-7
Let z(s) be the first derivative of -s**4/12 + s**3/3 - 11*s**2/2 - 10. Let w(h) be the second derivative of z(h). What is w(-3)?
8
Let v(t) be the third derivative of t**6/120 + t**5/10 + t**4/4 + t**3/6 + 39*t**2. Let l = -9 + 4. Determine v(l).
-4
Let d(g) = -4*g + 1. Let z(a) = -19*a + 14. Let q(w) = 5*d(w) - z(w). Calculate q(7).
-16
Let l(q) = 6*q. Let v(n) = n**2 - n - 106. Let j be v(11). Calculate l(j).
24
Let z be (1/3)/(16/(-48)). Let w(r) be the second derivative of r**5/20 + r**4/12 - r**3/6 - r**2/2 + 7*r. What is w(z)?
0
Let p be ((-10)/5 - 0)/(2/6). Let b(a) = a**3 + 5*a**2 - 5*a + 3. Calculate b(p).
-3
Let w(g) = 15*g**2 - 9*g + 15. Let i(o) be the second derivative of 7*o**4/12 - 2*o**3/3 + 7*o**2/2 - 24*o. Let t(y) = 13*i(y) - 6*w(y). Calculate t(3).
16
Let v(s) = s**3 - 7*s**2 - 9*s + 5. Let j(z) = -z**2 + 2*z + 23. Let x be j(-3). Determine v(x).
-3
Let b be (-2)/(-4)*(-2 + 0). Let i = 6 - -10. Let m(h) = -23 + i + 6 + 6*h**3. What is m(b)?
-7
Let b(g) = -11*g - 4. Let f(j) = j**3 + 8*j**2 - j - 11. Let q be f(-8). Determine b(q).
29
Suppose 4*r + 5*m = 8, -m - 2 = -3*r + 5*r. Let x = r + 4. Let l(o) = -x + 6 - 2*o + o**2 - o - 2*o**2. Calculate l(-4).
1
Let o(w) = -w**2 + 3*w - 2. Let u be o(4). Let c(n) = 11*n**2 + 11*n + 2. Let s(x) = 9*x**2 + 10*x + 2. Let j(p) = 4*c(p) - 5*s(p). What is j(u)?
-2
Suppose 2 - 4 = m. Let c be (1/m)/(2/4). Let y(f) be the third derivative of -f**6/24 - f**5/60 - f**4/24 - 2*f**2 + 191*f. What is y(c)?
5
Let k(g) = g + 19. Let l be -8 - -18*9/(-27). Determine k(l).
5
Let t(z) = -z**3 + 3*z**2 + 3*z + 5. Let r(c) = 31*c + 190. Let d be r(-6). What is t(d)?
1
Let w(r) = 10*r - 5. Let g(k) = -7*k + 3. Let p(d) = 7*g(d) + 5*w(d). Let s(z) = 2*z + 17. Let a be s(-6). Determine p(a).
1
Let t(v) = -3*v**2 - 9*v + 4. Let a(d) = -5*d**2 - 13*d + 6. Suppose -c = -4*c + 24. Let q(j) = c*t(j) - 5*a(j). Determine q(5).
-8
Suppose -2*x - x + 18 = 0. Suppose -2*z + x = -0*z. Suppose 0 = -3*a - 4*h - 0*h + z, 30 = -5*a + 5*h. Let m(w) = -w**2 - 7*w - 3. Calculate m(a).
9
Let c(j) be the second derivative of j**7/840 + j**6/180 - j**5/120 + 5*j**3/6 + 45*j. Let k(f) be the second derivative of c(f). Give k(1).
2
Let i(q) = q**2 - 10*q - 8. Suppose 108 = 135*o - 126*o. What is i(o)?
16
Let g(w) = -2*w - 10. Let c(n) = 6*n + 22. Let p(u) = 3*c(u) + 7*g(u). Give p(3).
8
Let h(t) be the third derivative of -t**8/6720 - t**7/630 + t**6/240 + 25*t**4/24 + 36*t**2. Let k(u) be the second derivative of h(u). Give k(-5).
10
Let x(t) = t**3 - t**2 + 2*t + 8. Suppose -2*w = g, 14*w = 16*w - 2*g. What is x(w)?
8
Suppose -28 = -647*p + 654*p. Let y(l) = -l**2 - 6*l - 5. Give y(p).
3
Let g(n) = 2*n**2 + 3*n - 1. Let i(p) = -p**2 - 3*p + 1. Let m(r) = g(r) + i(r). Determine m(-5).
25
Suppose -17 = 2*i - 19. Let u(w) = 33*w. Determine u(i).
33
Let l(u) = -u**3 + 5*u**2 - u + 7. Let m be -1*3 - (25 + -17). Let o = 16 + m. What is l(o)?
2
Let b be (-1)/((-10)/(-12))*10/(-4). Let u be (-5)/b - 2/(-3). Let t(x) = -x**2 + 1 + 5*x**3 + 0*x**3 - x**2. Calculate t(u).
-6
Let g(o) = 5*o + 17. Let i(s) = -9*s - 29. Let q(w) = -5*g(w) - 3*i(w). Determine q(-1).
0
Let j(d) = -5 - d + 10 + 4. Let g(k) = -k**3 + 6*k**2 - 8*k + 3. Let p be g(4). Let r be (3/(-2))/((-1)/(-2)) + p. Calculate j(r).
9
Let k be 300/(-1300)*(-26)/4. Let y(z) be the second derivative of -1/6*z**3 - k*z**2 - 6*z + 0. What is y(-3)?
0
Let z(x) = x**2 - 2*x - 16. Let r be z(-3). Let j(n) = -n**3 - 2*n**2 - 2*n - 2. Determine j(r).
-1
Let p(f) = 2*f**3 - f**2 - 2*f - 1. Suppose -9*h = 8*h - 34. Give p(h).
7
Let k(o) = 3*o. Let c = -491 + 487. What is k(c)?
-12
Let o(r) = -r + 1. Suppose -w = 4*w + 10. Let z be 4/w - 12/(-6). Give o(z).
1
Suppose 3*z = 0, -15*k - 5*z - 10 = -20*k. Let m(a) = 4*a - 6. Determine m(k).
2
Let a = 318 - 312. Let h(p) = -p**3 + 7*p**2 - 3*p - 3. Give h(a).
15
Suppose -4*i = -2*h - 8, 0 = -3*h + i + 8 - 30. Let p(j) = 2*j - 10 + 31 - 16 - 5. Determine p(h).
-16
Let c(n) be the first derivative of -n**4/2 - 2*n**3/3 - 3*n**2/2 + 47. Determine c(-2).
14
Let h(n) = n - 5 + 5. Let b(l) = l + 1. Let c(r) = -3*b(r) + 2*h(r). What is c(-4)?
1
Suppose -5*m + m + 16 = 0. Let a be 32/(-40)*(-10)/m. Let f(s) = -a*s + 3 - 4 - s + 5*s. Give f(2).
3
Suppose -5*c + 0*c = i, 0 = -5*i - 5*c - 20. Let w = -29 - -31. Let k(j) = 3 + w - 7 - 2*j + 0. Determine k(i).
8
Let o(z) = 5*z - 6. Suppose -153*u - 12 = -159*u. What is o(u)?
4
Suppose 5*y = 3*k + 19, 3*k - 4*y - 1 = -3*y. Suppose g + k = 5. Let w(h) = -h**3 + 2*h**2 + 4*h + 1. Calculate w(g).
4
Suppose 2*k + d + 5 = -2*d, -4*d - 18 = -3*k. Let z(v) = 11*v + k + 16*v + 2*v**2 - 27*v. Give z(2).
10
Let t(k) = k - 6. Let d(o) = 1. Let u(j) = -3*d(j) - t(j). Let a be u(-4). Suppose 5 = -2*l + a. Let b(w) = w**3 + w**2 - w. Determine b(l).
1
Suppose -4*w - 4*p + 22 = -w, -5*w + 18 = 2*p. Let h(q) = 6*q - q**3 + 0*q**2 + 0*q + 6*q**2 + 0*q**w. What is h(7)?
-7
Let m = 99 - 80. Suppose 4*k - 2 = a + 8*k, a + 3*k = -5. Let z = a + m. Let c(s) = -s**2 + 2*s + 6. What is c(z)?
-9
Let i(p) be the second derivative of 0 + 1/60*p**5 + 6*p + 1/2*p**3 + 0*p**2 + 1/8*p**4. Let s(d) be the second derivative of i(d). Give s(-4).
-5
Let y(f) = -7 + 2*f**3 + f + 2*f**3 - 6*f**2 - 3*f**3. Suppose 117 + 129 = 41*i. Calculate y(i).
-1
Let n(b) = -5*b - 1. Let w(m) = -4*m - 1. Let k(q) = 2*n(q) - 3*w(q). Let f = 263 - 262. Determine k(f).
3
Let d(i) = -2 + 5*i**2 - 3*i - i**3 + 12 - 8. Determine d(4).
6
Let c(d) = -d - 6. Let m(j) = -7*j - 2. Let u(r) = -4*r - 1. Let z(v) = 3*m(v) - 5*u(v). Let w(q) = c(q) - 2*z(q). Give w(6).
2
Let b b